6. Calculate i(-16).
4
Let z(x) = -x**2 - 9*x - 21. Give z(-8).
-13
Let o(i) = 7*i**2 - 371*i + 24. Determine o(53).
24
Let p(c) = -7*c + 2. What is p(-2)?
16
Let g(s) = 4*s + 32. What is g(-7)?
4
Let p(r) = 7*r + 71. Give p(-10).
1
Let y(h) = -h**3 + 10*h**2 + h - 10. Determine y(10).
0
Let i(b) = b**3 + 9*b**2 + 16. Calculate i(-9).
16
Let w(l) = -l**3 + l**2 + 3. Determine w(0).
3
Let k(i) = -3*i**2 + 21*i - 5. What is k(7)?
-5
Let k(q) = q + 14. Calculate k(-9).
5
Let d(w) = 37*w - 306. Calculate d(8).
-10
Let l(c) = c**2 - 2*c - 2. Give l(-3).
13
Let m(y) = y**3 - 8*y**2 - 9*y - 9. Give m(9).
-9
Let r(k) = 7*k - 82. Calculate r(11).
-5
Let t(r) = -2*r**2 - 3*r + 12. Calculate t(-5).
-23
Let t(r) = -55*r - 4. Calculate t(-1).
51
Let y(r) = -r**2 + 20*r - 40. What is y(18)?
-4
Let v(o) = o**3 + 8*o**2 + 11*o - 4. Determine v(-6).
2
Let o(v) = -3*v**3 - 4*v**2 - 5*v - 2. Calculate o(-3).
58
Let f(s) = s**3 + 8*s**2 + 8*s + 7. Calculate f(-7).
0
Let t(r) = r**3 + 16*r**2 + 30*r - 10. Give t(-14).
-38
Let s(n) = n**3 - 5*n**2 + 4*n - 2. Determine s(4).
-2
Let b(c) = -c**2 + 21*c + 50. Determine b(23).
4
Let m(b) = -b + 15. Determine m(12).
3
Let o(f) = -f**3 - 4*f**2 - 3. What is o(-4)?
-3
Let q(g) = g**3 - 11*g**2 + 11*g - 8. Calculate q(10).
2
Let b(t) = 2*t - 20. Determine b(14).
8
Let n(o) = -23*o - 122. What is n(-7)?
39
Let l(i) = -2*i**3 + 12*i**2 + 6. Determine l(6).
6
Let a(m) = m**2 + 6*m - 4. What is a(-5)?
-9
Let b(t) = 7*t + 5. Determine b(-1).
-2
Let w(u) = -u**3 + 2*u + 1. What is w(3)?
-20
Let b(z) = -z**2 + 3*z - 7. Give b(0).
-7
Let v(r) = -r**3 - r**2 + r + 15. Calculate v(0).
15
Let z(k) = -k**2 + 39*k - 371. Give z(17).
3
Let r(s) = -2*s + 20. Determine r(10).
0
Let g(p) = 2*p + 17. What is g(-11)?
-5
Let k(n) = 2*n**2 + 2*n + 3. Give k(2).
15
Let v(u) = -u**3 - 58*u**2 + 180*u - 173. Give v(-61).
10
Let q(z) = -4*z + 25. Determine q(6).
1
Let q(t) = 8*t - 54. Determine q(5).
-14
Let i(n) = -n**2 - 13*n - 1. Determine i(-11).
21
Let b(h) = h + 5. Give b(6).
11
Let z(y) = -y**2 - 52. What is z(0)?
-52
Let g(z) = -9*z**2 - z + 13. Determine g(-5).
-207
Let u(c) = 2*c**2 + 30*c + 1. Give u(-15).
1
Let d(o) = -4*o**3 + o**2 - 2*o + 1. What is d(-2)?
41
Let j(x) = -4*x - 28. Determine j(2).
-36
Let s(v) = -v**2 + 15*v - 16. Determine s(14).
-2
Let z(p) = -59*p + 23. Calculate z(2).
-95
Let b(y) = -20*y + 2. Give b(1).
-18
Let n(m) = 9*m - 8. Give n(5).
37
Let z(s) = 2*s**2 + 11*s + 5. Give z(-5).
0
Let w(c) = -c**2 - 18*c - 25. Give w(-16).
7
Let y(t) = -t**3 - 10*t**2 - 7*t + 19. Give y(-9).
1
Let z(p) = 9*p + 19. Give z(-2).
1
Let t(y) = 4*y - 20. Give t(8).
12
Let h(r) = -2*r**2 - 25*r + 25. What is h(1)?
-2
Let a(r) = 17*r**2 + 36*r - 36. Determine a(1).
17
Let z(m) = 13*m**2 + 124*m - 123. Give z(1).
14
Let m(u) = 3*u**3 - 9*u**2 - 4*u + 18. What is m(5)?
148
Let l(s) = 2*s**2 + 2*s + 4. What is l(-2)?
8
Let o(h) = h**3 - 6*h**2 + 3*h - 2. Determine o(5).
-12
Let a(h) = -h**3 + 25*h**2 + 51*h + 84. Determine a(27).
3
Let o(n) = -n**2 + 8*n + 5. Calculate o(5).
20
Let s(d) = -d**2 - 8*d - 17. Calculate s(-7).
-10
Let n(o) = -o**2 + o + 2. What is n(-3)?
-10
Let d(u) = u**3 + 13*u**2 - 14*u + 16. What is d(-14)?
16
Let s(g) = 22*g - 46. Give s(3).
20
Let h(k) = 2*k + 68. Calculate h(-17).
34
Let m(n) = -n**3 - 10*n**2 + 19*n + 93. What is m(-11)?
5
Let f(w) = -w**2 + 9*w + 4. Determine f(0).
4
Let a(d) = 4*d + 10. What is a(-6)?
-14
Let t(c) = c**2 - 4*c. What is t(4)?
0
Let z(q) = -q**3 + 2*q**2 + 3*q - 1. Give z(-2).
9
Let q(g) = g**3 - 12*g**2 + 13*g - 26. What is q(11)?
-4
Let t(w) = -w**2 + 26*w + 11. What is t(28)?
-45
Let p(y) = -y**3 + 8*y**2 - 10. Determine p(8).
-10
Let d(b) = -b**2 + 20*b - 99. What is d(12)?
-3
Let m(q) = 3*q + 56. What is m(-8)?
32
Let u(p) = 17*p + 114. Calculate u(-7).
-5
Let h(v) = v**2 - 10*v - 1. Give h(8).
-17
Let v(n) = n**2 + n + 4. Calculate v(-3).
10
Let o(s) = 11*s + 709. Give o(-65).
-6
Let s(a) = -a**2 + 16*a - 52. Give s(12).
-4
Let r(q) = q**2 + 47*q + 4. Calculate r(0).
4
Let y(g) = 4*g - 12. What is y(2)?
-4
Let k(h) = 11*h - 192. What is k(18)?
6
Let q(w) = -44*w**3 - 2*w**2 + 2*w. What is q(1)?
-44
Let z(u) = 6*u + 204. Calculate z(-34).
0
Let c(d) = 3*d**3 + d**2 + d - 8. Calculate c(2).
22
Let w(b) = b**3 - 10*b**2 + b - 13. Give w(10).
-3
Let s(h) = -3*h**3 - 31*h**2 - 15*h - 53. What is s(-10)?
-3
Let l(h) = -60*h**3 - 3*h**2 + 3*h - 1. Give l(1).
-61
Let y(j) = -j**3 + 10*j**2 - 15*j + 8. Calculate y(8).
16
Let z(l) = -l**3 + 5*l**2 + 3*l - 11. What is z(5)?
4
Let d(h) = -2*h - 1. What is d(-2)?
3
Let j(q) = 4*q**3 + 2*q**2 - 4*q - 5. Determine j(-1).
-3
Let s(t) = -3*t**2 + 16*t + 7. Give s(7).
-28
Let f(x) = -x**3 + 9*x**2 + 12*x - 24. Determine f(10).
-4
Let h(m) = m**3 + 3*m**2 - 2*m - 6. Determine h(-3).
0
Let m(x) = x**2 + 10*x + 24. What is m(-7)?
3
Let j(u) = -12*u - 24. Calculate j(-5).
36
Let g(p) = p**2 - 14*p + 9. Give g(14).
9
Let a(g) = -2*g**2 - 3*g - 9. Give a(-7).
-86
Let n(a) = a**2 - 15*a + 30. Determine n(12).
-6
Let o(a) = 10*a + 2. Determine o(-3).
-28
Let s(y) = -3*y + 12. Determine s(5).
-3
Let k(y) = 15*y - 318. Calculate k(20).
-18
Let n(m) = -6*m - 59. Calculate n(-9).
-5
Let h(y) = -2*y**2 - 7*y + 5. Calculate h(4).
-55
Let z(c) = c**2 + 5. Determine z(-5).
30
Let f(v) = -v**2 - 22*v - 7. What is f(-16)?
89
Let i(w) = -15*w + 173. Calculate i(11).
8
Let x(m) = m + 1. What is x(-7)?
-6
Let c(l) = 2*l**2 + 2*l + 1. Calculate c(-3).
13
Let p(h) = 60*h - 236. Calculate p(4).
4
Let z(w) = -2*w**2 + 71*w - 379. Give z(29).
-2
Let d(b) = -3*b + 10. Determine d(13).
-29
Let w(v) = 25*v + 150. Give w(-6).
0
Let u(w) = -23*w. Give u(-1).
23
Let i(z) = -z**2 - 2*z + 21. What is i(4)?
-3
Let v(t) = -t**2 + 11*t - 13. Determine v(2).
5
Let f(m) = -m**3 + 25*m**2 + 27*m - 28. Calculate f(26).
-2
Let h(m) = -3*m**2 - 6*m - 2. Calculate h(-2).
-2
Let i(q) = q**3 + 10*q**2 + 10*q + 21. Determine i(-9).
12
Let w(i) = -i + 2. Give w(12).
-10
Let i(w) = w**2 - 4*w - 8. What is i(4)?
-8
Let z(q) = 17*q - 196. Calculate z(12).
8
Let j(u) = u**3 + 2*u**2 + 2. Determine j(0).
2
Let j(d) = -2*d + 20. Give j(10).
0
Let b(r) = -6*r - 8. Calculate b(-3).
10
Let w(k) = 3*k + 73. Calculate w(-26).
-5
Let y(k) = -k**3 - 16*k**2 + 35*k - 19. Calculate y(-18).
-1
Let n(a) = a**3 - 9*a**2 + a + 44. Give n(8).
-12
Let i(f) = 2*f**3 - 34*f**2 + 36*f - 55. Give i(16).
9
Let s(l) = 17*l - 4. What is s(-4)?
-72
Let w(f) = 15*f - 1201. Calculate w(80).
-1
Let u(g) = -g**2 + 29*g - 81. Determine u(25).
19
Let n(d) = d**3 + 21*d**2 + d + 7. Determine n(-21).
-14
Let a(x) = x**2 + 19*x + 19. Give a(-19).
19
Let n(y) = -54*y. Determine n(1).
-54
Let c(f) = 203*f + 1018. Determine c(-5).
3
Let z(r) = -r**2 + 6*r + 12. What is z(9)?
-15
Let y(b) = -b**3 + 17*b**2 + 20*b - 6. Calculate y(18).
30
Let f(x) = -2*x**3 - 17*x**2 - 11*x - 21. Calculate f(-8).
3
Let v(q) = q**2 + 10*q + 3. Determine v(-10).
3
Let x(o) = 105*o**2 + 2*o + 1. What is x(-1)?
104
Let b(s) = s**2 + 14*s + 63. Determine b(-7).
14
Let d(g) = -104*g - 4. What is d(0)?
-4
Let b(d) = -2*d + 4. Determine b(15).
-26
Let l(r) = -r**3 + 4*r**2 - r + 10. Determine l(0).
10
Let o(q) = 2*q - 5. Calculate o(5).
5
Let x(a) = -a - 24. Determine x(-5).
-19
Let z(y) = y**2 - 13*y - 14. Calculate z(14).
0
Let f(u) = u + 2. Give f(-14).
-12
Let q(r) = -6*r**3 + 3*r**2 + r + 1. Give q(-2).
59
Let v(y) = y**3 + 10*y**2 - 9*y + 31. Give v(-11).
9
Let s(h) = -h**3 + 9*h**2 + 15*h - 32. Calculate s(10).
18
Let f(j) = -36*j - 559. What is f(-15)?
-19
Let a(b) = -20*b + 34. Give a(2).
-6
Let j(f) = f**2 - 30*f + 143. Determine j(6).
-1
Let o(z) = 3*z**2 - 13*z + 35. Calculate o(4).
31
Let m(s) = -s**3 - 12*s**2 - 9*s + 9. What is m(-11)?
-13
Let l(q) = -13*q + 123. Determine l(8).
19
Let d(y) = y**2 + y - 2. What is d(4)?
18
Let o(z) = z**2 - 5*z + 52. Determine o(0).
52
Let a(l) = l**2 + 3*l + 1. Give a(-1).
-1
Let x(w) = -2*w + 4. Calculate x(-6).
16
Let d(w) = -21*w - 44. Determine d(-3).
19
Let l(q) = 2*q + 18. Calculate l(-9).
0
Let r(a) = 10*a**2 - a. Give r(1).
9
Let q(m) = 25*m - 3. What is q(-2)?
-53
Let n(j) = -3*j - 27. Give n(-13).
12
Let u(x) = x**3 - 17*x**2 - 18*x - 2. Determine u(18).
-2
Let w(g) = -g**3 - 42*g**2 - 183*g + 